 - 2. What is the highest common factor of 15 and w?
15
Let q be 2/(-7) + (-90)/(-21). Suppose q*t = -8, -i - t = 4*i - 358. Calculate the highest common factor of i and 8.
8
Suppose -8 = 3*j + 5*k, -5 = -5*j + k + 19. What is the highest common factor of 52 and j?
4
Let u(m) = -m + 2. Let k be u(-10). What is the highest common divisor of 60 and k?
12
Suppose -3*l + 249 = 5*b, -3*b + 125 = l - 22. Suppose -2*c + 60 = -b. Let m(r) = -r**3 - r - 1. Let k be m(-2). Calculate the highest common factor of k and c.
9
Let k(j) = -3*j - 5. Let b be k(-5). Suppose 5*q + 65 = 4*r, -2*q + 46 = -2*r + 4*r. Calculate the greatest common factor of r and b.
10
Suppose -l = -6*o + 3*o + 59, 5*l = -5*o + 105. Calculate the highest common divisor of o and 200.
20
Suppose 5*d + 96 + 25 = 4*l, -100 = -5*l - 4*d. Let h = 9 + -13. Let b = l - h. Calculate the greatest common divisor of 7 and b.
7
Let q = -339 + 658. Let i be (-1 + -2 - -4)*29. What is the highest common factor of i and q?
29
Let a be (-1)/2 + 206/4. Let i = -1 + a. Suppose -3*x = -7*x - 8, -x - i = -2*j. What is the greatest common factor of 3 and j?
3
Suppose -6*g = -137 + 47. Calculate the highest common factor of g and 15.
15
Let i(x) = x + 4. Let u be i(-4). Suppose 3*o + 6*y - 24 = y, -5*y = u. What is the greatest common factor of 40 and o?
8
Suppose 3*r + 4 = 1. Let l = 8 + r. Let a = 56 + -7. Calculate the greatest common factor of a and l.
7
Let v = 60 + 36. What is the greatest common divisor of v and 12?
12
Suppose 0 = -3*a - 3*q + 2*q + 65, 5*a - 2*q - 90 = 0. Let c = -6 + a. Calculate the highest common factor of 21 and c.
7
Let l(r) = r**2 - 11*r - 9. Let i be l(12). Suppose 4*q = -i*c + 33, -2*c + 4*q + 33 = c. Calculate the highest common divisor of c and 33.
11
Let f = 8 + -10. Let c = 6 - f. Calculate the highest common factor of c and 1.
1
Suppose -7 = -5*l + 8. Let w = l - 0. Suppose p + 40 = 4*h, 3*p = w*h + h - 48. Calculate the greatest common divisor of h and 36.
9
Let i(w) = -4*w - 1. Let t be i(-9). Let b(y) = -y**2 + 11*y - 3. Let a be b(10). Calculate the highest common factor of a and t.
7
Suppose 33 = 2*m + m. Suppose 5*p - 891 = 2*z + 2*z, 3*z + 4*p = -645. Let y = 318 + z. Calculate the highest common divisor of y and m.
11
Let r = 2 + 15. Let p be r - (-1 - 0)*1. Suppose -5*f + 20 = 0, -3*u - 4*f = -45 - 7. What is the greatest common factor of u and p?
6
Let c be (1/(-3))/(1/(-3)). Let n(j) = j - 3. Let h be n(5). What is the greatest common factor of c and h?
1
Let x be -3 - (-1 + 62 + -2)/(-1). Calculate the highest common divisor of x and 7.
7
Suppose -5*z = -2*y + 4, z - 2 = -y - 0*y. Suppose 2 = 5*f - 4*f - y*s, -3*s = 5*f - 49. Let t = -79 + 135. What is the greatest common divisor of t and f?
8
Let n be (-4)/(-14) - 393/(-21). What is the highest common divisor of 133 and n?
19
Let w(y) = 5*y**2 + 7*y + 22. Let x be w(-6). What is the greatest common factor of x and 10?
10
Let m(w) = -3*w**2 + 0*w**3 + w**3 + 2 - 9*w + 9*w**2. Let r be m(-7). Calculate the highest common divisor of r and 112.
16
Let p be (-2)/((-2)/5*1). Suppose -4*r + 5*r = -p. Let v(t) = t**3 + 7*t**2 + 7*t + 1. Let q be v(r). What is the highest common factor of 176 and q?
16
Suppose -x = 3*x - 56. What is the highest common divisor of 56 and x?
14
Let c(b) = 7*b**2. Let x be c(2). What is the highest common factor of 4 and x?
4
Suppose -5*o + 183 = 3*q, 4*q + 68 = o + o. Calculate the highest common divisor of o and 9.
9
Let o(y) = y**3 - 5*y**2 - 8*y - 2. Let m be o(6). Let l be (2 - (5 - 1)) + m. Let s = l - -31. Calculate the greatest common divisor of s and 30.
15
Let x(g) = g**2 + 7*g - 2. Let l be x(-8). Let y(w) = -w**3 + 9*w**2 + 8*w - 6. Let p be y(l). Calculate the highest common divisor of p and 15.
15
Let k(a) = 2*a**2 + 1. Let u be k(-1). Suppose 0 = u*s - 4*s + 5. Calculate the highest common factor of s and 40.
5
Suppose -j + 50 = 2*z, z - 3*j - 57 = -2*z. Calculate the greatest common divisor of 184 and z.
23
Let k be (-20)/(-3)*9/6. Suppose -2*y + 0*i + 22 = -5*i, -y + 3*i = -13. Let o = k - y. What is the highest common divisor of o and 27?
9
Suppose 5*u = 207 + 138. What is the highest common factor of u and 23?
23
Suppose 2*x + 3*x = 55. Suppose 0 = -2*t - 5*w + 181, -2*w + 7*w + 435 = 5*t. What is the highest common divisor of t and x?
11
Let i be (-550)/(-4) + (-6)/(-12). What is the greatest common factor of i and 46?
46
Suppose 4*z = -3*c - 96, -4*c = z - 7 + 18. Let d = 18 - z. Calculate the highest common divisor of d and 15.
15
Suppose -a = 2*v - 83, -4*v + v + 234 = 3*a. Suppose -y - 2*y = -k + 103, k - a = -3*y. Calculate the greatest common factor of 11 and k.
11
Let f be ((-2)/4)/((-3)/12). Suppose -18 = -f*j + 24. What is the highest common divisor of j and 63?
21
Let u = 18 + 102. What is the greatest common divisor of 30 and u?
30
Let u be -1*(3 + 0)*-1. Let r be (-6)/6*(-3 - -2). Calculate the greatest common divisor of r and u.
1
Let g = -7 + 6. Let l be (-15)/2*(g - 5). Calculate the greatest common divisor of l and 18.
9
Let s = 214 - -41. Let r = s + -140. Let p = r + -66. Calculate the highest common divisor of p and 7.
7
Suppose 0 = -3*s - s + 308. Let z be (7 - (5 - 1))*-11. Let o = s + z. Calculate the greatest common divisor of o and 4.
4
Suppose -2*q + 2256 = 776. Suppose 4*n = -4*g + q, 5*n - 2*g + 4*g = 931. Let k = -6 - -23. What is the highest common divisor of n and k?
17
Suppose -b + 0*b - 3 = 0, y + 3*b = -9. Suppose y*x = x - 56. What is the highest common factor of x and 14?
14
Let t = -39 - -99. Suppose -5*w + t = -20. Let x(g) = 80*g**2 + g + 1. Let k be x(-1). What is the greatest common factor of k and w?
16
Let q(n) = -n + 7. Let z be q(3). Suppose -z*f - 13 = -h, -h + 7 = 3*h - f. Let v be 4/(h + (-2)/4). What is the greatest common factor of 12 and v?
4
Let g(h) = -49*h**3 - 2*h**2 - 2*h - 1. Let z be g(-1). Calculate the greatest common factor of 32 and z.
16
Let y(v) = v**2 - 5*v - 43. Let k be y(10). Let r(o) = -4*o**3 - 4*o**2 + o + 1. Let z be r(-3). Calculate the greatest common factor of k and z.
7
Suppose 9*a - 5023 = -1756. Calculate the highest common factor of a and 33.
33
Let g(a) = -3*a + 4. Let z be g(-6). Let w(l) = -l**3 + 2*l - 1. Let b be w(-4). What is the greatest common divisor of z and b?
11
Let g = -2 + 4. Suppose -g*q = 5*i - 5, -5*q = -0 + 25. Let l = i - -3. What is the greatest common factor of 2 and l?
2
Suppose -2 = -3*k - 89. Let j = 47 + k. Calculate the greatest common factor of j and 2.
2
Let q be (-16)/6*12/(-8). Suppose 0 = -2*m + 2*o - 14, -2*m + 3*m - q*o + 10 = 0. Let j = -2 - m. What is the greatest common factor of 36 and j?
4
Let o be (-2)/6 - (-44)/(-3). Let v = o - -35. What is the highest common factor of 10 and v?
10
Let d(n) = -n**2 + 8*n - 5. Let y be d(6). Suppose -g - z - y = -48, -37 = -g + z. Calculate the greatest common factor of 13 and g.
13
Suppose 32 + 28 = 5*h. Suppose 0 = -0*n - n + h. Let b = -85 + 145. What is the highest common divisor of b and n?
12
Let n = 79 + -40. Let i = -92 - -139. Suppose -3*f = 4*x - i, 18 + 26 = 4*f - 4*x. Calculate the highest common divisor of f and n.
13
Let a = 2 - -3. Suppose -a*r + 86 = -2*p, 2*r - 5*r + 2*p + 54 = 0. What is the highest common factor of r and 24?
8
Suppose -5*g + 8 = -7. Let b(u) = u**2 - 4. Let c be b(g). Suppose c*x - 100 = 3*l, -2*l - 63 = -4*x - 3*l. What is the highest common factor of x and 187?
17
Let t = -6 + 4. Let b(n) = -4*n**3 + 3*n**2 + n. Let d be b(t). What is the highest common factor of d and 6?
6
Let m be (-2)/(-3) - 14/21. Suppose m = 5*z - 2*z - 12. Suppose 0 = p - z*p + 210. Calculate the highest common factor of 10 and p.
10
Let h be -1*21*2/(-6). Let l = -5 + h. Let m be 4/8*(l - -4). What is the highest common divisor of 24 and m?
3
Suppose 3*a = r - 0*a - 17, 3*r - 37 = 2*a. What is the greatest common divisor of 55 and r?
11
Suppose q = 4*b + 4, -2*q + 3*b - 1 = -19. Calculate the highest common divisor of 132 and q.
12
Let d be 3 + 2 + (86 - 1). Suppose 0*r = -2*r + d. Calculate the highest common divisor of 15 and r.
15
Let r be 191/(-4) + 1/(-4). Let v = r + 24. Let x = v - -60. What is the greatest common divisor of 4 and x?
4
Let o be 1/2*2 + -7. Let c(g) = -g - 4. Let l be c(o). Su